 ((-8)/12)/((-10)/(-75)). Let m(o) = -39*o - 36. What are the prime factors of m(q)?
3, 53
Suppose 0 = -3*m + m. Let g(b) = b**3 + 6*b**2 + 2*b + 2. Let d be g(-6). List the prime factors of (m - (2 + -1))*d.
2, 5
Suppose 0*p + 2*p = 1226. Let o be (-8)/(-12) - p/(-3). Suppose 4*v + u - o + 33 = 0, 3*u + 56 = v. What are the prime factors of v?
2, 11
Let q(o) = -o**3 - o**2 - o - 3. Suppose 5*k + 2*j - j + 14 = 0, 5*k = -5*j - 10. Let l be q(k). Let g = l + 6. What are the prime factors of g?
2, 3
Let o(n) = n**2 - n - 4. Let l be o(3). Suppose -l*x + 7*x - 415 = 0. Suppose 5 + x = 4*k. List the prime factors of k.
2, 11
Let i = 172 + -172. What are the prime factors of 187/2 - (12/(-8) - i)?
5, 19
Let f(x) = 23*x. Suppose -2*l = -13 + 5. Suppose -2*i - 2 = -l. List the prime factors of f(i).
23
Suppose 0 = 5*p - 8*p. Suppose p = -5*g + 408 - 8. What are the prime factors of (-7)/21 + g/6?
13
Suppose 5*v + 5*t = 70, -6*t + 2*t = 5*v - 70. List the prime factors of -12 + v - 22/(-1).
2, 3
Let i = 30 + -28. Suppose 2*q - 2*b = -0*b + 86, -q - 4*b = -23. Suppose -q = -i*c - 5. What are the prime factors of c?
17
Let w be (-1)/(-2 + 6/4). Let b = w + 3. List the prime factors of b.
5
Suppose -23015 = -4*t - 6179. What are the prime factors of t?
3, 23, 61
Let c = -108 - -108. Suppose c = -5*i + 15, 2*i = -5*y + 1724 - 523. List the prime factors of y.
239
Let o = 101 - 96. Suppose -4*v - 2*l = -466, v + o*l - 451 = -3*v. What are the prime factors of v?
7, 17
Suppose 0 = -5*v + 2*o + 274, 0*v - 2*v - 3*o = -102. Suppose -37 = -q + 4*h + v, 0 = -5*q + 3*h + 387. What are the prime factors of q?
3, 5
Let f = -12 + 16. Suppose -2*l + 18 = 2*g, 5*l - f = 3*g + 9. Suppose 5*m = g*m + 55. List the prime factors of m.
5, 11
Suppose -2*q - 2 = -r - 2*r, 3*q = 5*r - 2. Let i be r/(28/15 + -2). List the prime factors of i/(-5) - 31/(-1).
2, 7
Suppose u = 5*d - 27362, -2*d - 4*u = -6335 - 4601. List the prime factors of d.
2, 3, 19
Let s be (4/(-5))/((70/(-825))/(-7)). Let o = s + 325. What are the prime factors of o?
7, 37
List the prime factors of (-7 + 153/21)*8687.
2, 17, 73
Let q = -5 - -5. Suppose q = -3*x + 11 + 7. Let t(l) = l**2 - 7*l + 19. List the prime factors of t(x).
13
Let x = -4 + 7. Suppose 0 = -4*v - x - 1. Let b = v + 16. List the prime factors of b.
3, 5
Suppose -55*o - 100142 = -101*o. What are the prime factors of o?
7, 311
Suppose -2*l - 5 - 75 = 0. Let z = 188 - 103. Let h = z + l. List the prime factors of h.
3, 5
Let q(y) = y**2 - 2*y. Let l(p) = -p**2 + 5*p + 1. Let a(m) = 2*l(m) + 5*q(m). List the prime factors of a(3).
29
Let i(q) = q**2 + 8*q + 13. Let w be (1 - 26/6)*-3. Let g = w + -19. List the prime factors of i(g).
2, 11
Suppose -2*w - 10 = -30. Suppose -5*s + w = 4*f, -6*f + 2*f = -4*s + 44. Let l = s + 8. List the prime factors of l.
2, 7
Let l(h) = 2*h + 7. Let y be l(-1). Suppose 0 = 5*m - 2*v - 412, -104 = -2*m + m - y*v. List the prime factors of m.
2, 3, 7
Let o be (-14)/(-35)*-35*1. Let p = 12 + o. Let z(l) = 3*l**2 + 4*l - 2. List the prime factors of z(p).
2
Let m = -7 + 11. List the prime factors of (-1004)/(-16) - 3/m.
2, 31
Suppose -m = -2*r + 11, 5*r + 3*m + 4 = 15. Suppose -r = x + x. What are the prime factors of ((-68)/(x - 0))/1?
2, 17
Let q = 7072 - 4752. List the prime factors of q.
2, 5, 29
Let x(l) be the second derivative of 0 - 5/2*l**2 + 1/12*l**4 - 4*l - 1/2*l**3. List the prime factors of x(-6).
7
Let d = 11977 + -7764. What are the prime factors of d?
11, 383
Let h(a) = a - 1. Let n be h(4). Suppose 69 - 306 = -n*o. Suppose 2*y = 33 + o. What are the prime factors of y?
2, 7
Suppose 3*i + 165 = 5*h, 0 = 2*h - h - 2*i - 33. Suppose 4*k = 2*v - 162, -3*v - 5*k + h = -210. Suppose -4*j = -7*j + v. What are the prime factors of j?
3
Let f = -450 + 1036. List the prime factors of f.
2, 293
Let y be (12/10)/((-1)/(-25)*10). Suppose 2*v - 3*q - 267 = -0*v, y*q - 393 = -3*v. List the prime factors of v.
2, 3, 11
Let u(y) = 4*y - 1 - 2*y + 4. Let f be 12 + -3 + -5 - (0 - -2). List the prime factors of u(f).
7
Suppose -2 = g - 4, 11 = 3*t + 4*g. Let n = t - 9. What are the prime factors of (-2 - 1)/(3/n)?
2
Let i = 16 - 1. Suppose 2*u - 7*u = -i. Suppose 2*b = -u*b + 75. What are the prime factors of b?
3, 5
Let c = 57 - -125. Suppose -2*m - 2*m + 188 = -2*v, -4*m = v - c. What are the prime factors of m?
2, 23
Let u be (1 - 2)*(1 + 0). Let l = u + -2. What are the prime factors of (l - -2)*(-14 - -1)?
13
Let q(o) = -11*o - 32. What are the prime factors of q(-27)?
5, 53
Let w(s) = s**2 + 4*s. Let l be -10*-2*2/8. Suppose 4*t + 15 = -l*z + 8*t, -t = -4*z - 23. List the prime factors of w(z).
3, 7
Let u(j) = 18*j**2 - j. Let v be u(1). Suppose 0 = 13*i - v*i + 20. What are the prime factors of i?
5
Let v(u) = 21*u**3 - 2*u**2 - 2. Let r be v(-2). Let l = 19 - r. Suppose -d + 3 = 0, -3*d = -2*x + 6*x - l. List the prime factors of x.
47
List the prime factors of (-2515)/(-4) + (-100)/(-80).
2, 3, 5, 7
Suppose f + 5946 = 7*f. List the prime factors of f.
991
Let w be 12/(-18) + (-36138)/9. List the prime factors of w/(-80) - 1/5.
2, 5
Let l = 5627 - 3005. What are the prime factors of l?
2, 3, 19, 23
Let v(n) = 30*n**2 - 14*n - 40. Let y be v(-8). Suppose 0 = -7*r + y - 508. What are the prime factors of r?
2, 53
Let k be 2 + 1 + 0 - -3. Suppose -k = -9*i + 6*i. Suppose -u = -i*u + 18. What are the prime factors of u?
2, 3
Let g be 52/16 + 1/(-4). Let h = 20 + -12. Suppose g - h = -l. List the prime factors of l.
5
Let k(m) = 3 + 11 + 0*m - 15 + m. Let y be k(7). Let l(z) = z**3 - 5*z**2 - 2*z + 5. List the prime factors of l(y).
29
Let c = 1 + 6. Let s be 2/14 + (-5)/35. Suppose 4*f = -a + 21, 3*f - a = -s*f + c. List the prime factors of f.
2
Suppose l - 14 = 18. Suppose l = 4*a + 4. List the prime factors of a.
7
Suppose 0 = -49*i + 58*i - 2826. What are the prime factors of i?
2, 157
Suppose 0 = -6*o + 12 + 6. Suppose -2*q = -2*i + 158, -3*i = i - o*q - 319. List the prime factors of i.
2, 41
Suppose -6*f + 2 = -5*f. Let t = f + 44. What are the prime factors of t?
2, 23
Let t be 2/7 + (-766)/(-14). Suppose -3*l - 3*o - 9 = 0, 4*l = -l - 2*o. Suppose -3*p = 4*n - t - 57, -n + 68 = l*p. List the prime factors of p.
2
Let q(i) = i + 1. Let d be q(2). Suppose 2*y = d*y - 2*m + 3, -4*m = y - 15. Suppose 0 = j - 0*f + y*f - 55, 4*f = 5*j - 237. List the prime factors of j.
7
Suppose -28*a + 18539 + 6521 = 0. What are the prime factors of a?
5, 179
Suppose 5*r = -2*l + 127 + 125, -2*l + 44 = r. Suppose 5*t = -4*c + t + r, -2*c = -5*t - 40. List the prime factors of c.
3, 5
Suppose 5*c - 5*q = 8655, 0 = -0*c - 4*c - q + 6904. Suppose -4*b = -15*b + c. List the prime factors of b.
157
Suppose 0 = -5*b + j, 2*j = 3*b - 2*b. Suppose b = 125*i - 130*i + 10. List the prime factors of i.
2
Let t(g) = -3*g - 19. Let p be t(-6). Let i be ((-3)/(-3))/(p/(-3)). Suppose -7*f = 2*m - 3*f - 46, -79 = -i*m - 4*f. What are the prime factors of m?
3, 11
Let p(y) = -4 - 6*y + 9 - 4*y**3 + 3*y**3 + 7*y**2. Let u be p(6). Suppose u*v + 4*g + 9 - 30 = 0, 5*v = -3*g + 22. What are the prime factors of v?
5
Let h = -126 + 165. List the prime factors of h*(-32)/(-6)*(-1 - -2).
2, 13
Let n = 92 + -90. Suppose 80 = n*r + 2*r. List the prime factors of r.
2, 5
Let d(a) = -9*a**3 + a**2 + a - 2. Let b be d(3). Let p = b - -377. What are the prime factors of p?
2, 3
Let k be -74*12/16*2. Let r = k + 156. Let q = 36 + r. List the prime factors of q.
3
Let w(f) = f**2 - 5*f + 4. Let s be w(5). Suppose 5*i = s*v + 18, -6 = 4*v + 2. Let l(u) = 4*u**3 - u**2 + 2*u - 1. What are the prime factors of l(i)?
31
Suppose -3*u - 6 = -0. Let p be (-3)/((-3)/(-8)*u). Suppose a - 21 = -3*y, -p*a - 17 = 5*y - 87. What are the prime factors of a?
3, 5
Suppose -3*o + f + 14 = -11, 0 = o - f - 7. Let u(s) be the first derivative of -s**4/4 + 3*s**3 + 5*s - 1. List the prime factors of u(o).
5
Let n(u) = 54*u + 4. Let d be n(2). Suppose -3*r + 47 = -d. What are the prime factors of r?
53
Let z = -2611 + 4047. List the prime factors of z.
2, 359
Let m be (-8)/(-3)*(-15)/(-2). Suppose 3*c + m = -2*c. What are the prime factors of c/18 - 1280/(-90)?
2, 7
Let j = -107 + 270. What are the prime factors of j?
163
Let n be 1/(-4)*-1 - 4665/(-60). List the prime